{"id":4344,"date":"2016-10-19T13:16:28","date_gmt":"2016-10-19T11:16:28","guid":{"rendered":"http:\/\/wsg.kitesinmybag.de\/?page_id=4344"},"modified":"2016-10-21T19:28:48","modified_gmt":"2016-10-21T17:28:48","slug":"platzordnung-wiese","status":"publish","type":"page","link":"https:\/\/wsg-fulda.de\/?page_id=4344","title":{"rendered":"Platzordnung (Wiese)"},"content":{"rendered":"<ol>\n<li><del>Drachenfliegen verboten<\/del><\/li>\n<li>Man sagt Guten Tag und auf Wiedersehen<\/li>\n<li>Jeder nimmt R\u00fccksicht auf den anderen.<\/li>\n<li>Man hilft sich gegenseitig.<\/li>\n<li>Verhedderte Drachenschn\u00fcre sind keine \u00c4rgerniss sonder Anlass neue Leute kennenzulernen.<\/li>\n<li>M\u00fcll wieder einpacken und mit nach Hause nehmen.<\/li>\n<li>Leute die mehr M\u00fcll mitnehmen als sie mitgebracht haben finden wir besonders gut.<\/li>\n<li>Kevlar darf nur nach Ansage und mit entsprechendem Abstand zu anderen Drachen geflogen werden.<\/li>\n<\/ol>\n","protected":false},"excerpt":{"rendered":"<p>Drachenfliegen verboten Man sagt Guten Tag und auf Wiedersehen Jeder nimmt R\u00fccksicht auf den anderen. Man hilft sich gegenseitig. Verhedderte Drachenschn\u00fcre sind keine \u00c4rgerniss sonder Anlass neue Leute kennenzulernen. M\u00fcll wieder einpacken und mit nach Hause nehmen. Leute die mehr M\u00fcll mitnehmen als sie mitgebracht haben finden wir besonders gut. Kevlar darf nur nach Ansage [&hellip;]<\/p>\n","protected":false},"author":2,"featured_media":0,"parent":0,"menu_order":0,"comment_status":"closed","ping_status":"closed","template":"","meta":{"ocean_post_layout":"","ocean_both_sidebars_style":"","ocean_both_sidebars_content_width":0,"ocean_both_sidebars_sidebars_width":0,"ocean_sidebar":"","ocean_second_sidebar":"","ocean_disable_margins":"enable","ocean_add_body_class":"","ocean_shortcode_before_top_bar":"","ocean_shortcode_after_top_bar":"","ocean_shortcode_before_header":"","ocean_shortcode_after_header":"","ocean_has_shortcode":"","ocean_shortcode_after_title":"","ocean_shortcode_before_footer_widgets":"","ocean_shortcode_after_footer_widgets":"","ocean_shortcode_before_footer_bottom":"","ocean_shortcode_after_footer_bottom":"","ocean_display_top_bar":"default","ocean_display_header":"default","ocean_header_style":"","ocean_center_header_left_menu":"","ocean_custom_header_template":"","ocean_custom_logo":0,"ocean_custom_retina_logo":0,"ocean_custom_logo_max_width":0,"ocean_custom_logo_tablet_max_width":0,"ocean_custom_logo_mobile_max_width":0,"ocean_custom_logo_max_height":0,"ocean_custom_logo_tablet_max_height":0,"ocean_custom_logo_mobile_max_height":0,"ocean_header_custom_menu":"","ocean_menu_typo_font_family":"","ocean_menu_typo_font_subset":"","ocean_menu_typo_font_size":0,"ocean_menu_typo_font_size_tablet":0,"ocean_menu_typo_font_size_mobile":0,"ocean_menu_typo_font_size_unit":"px","ocean_menu_typo_font_weight":"","ocean_menu_typo_font_weight_tablet":"","ocean_menu_typo_font_weight_mobile":"","ocean_menu_typo_transform":"","ocean_menu_typo_transform_tablet":"","ocean_menu_typo_transform_mobile":"","ocean_menu_typo_line_height":0,"ocean_menu_typo_line_height_tablet":0,"ocean_menu_typo_line_height_mobile":0,"ocean_menu_typo_line_height_unit":"","ocean_menu_typo_spacing":0,"ocean_menu_typo_spacing_tablet":0,"ocean_menu_typo_spacing_mobile":0,"ocean_menu_typo_spacing_unit":"","ocean_menu_link_color":"","ocean_menu_link_color_hover":"","ocean_menu_link_color_active":"","ocean_menu_link_background":"","ocean_menu_link_hover_background":"","ocean_menu_link_active_background":"","ocean_menu_social_links_bg":"","ocean_menu_social_hover_links_bg":"","ocean_menu_social_links_color":"","ocean_menu_social_hover_links_color":"","ocean_disable_title":"default","ocean_disable_heading":"default","ocean_post_title":"","ocean_post_subheading":"","ocean_post_title_style":"","ocean_post_title_background_color":"","ocean_post_title_background":0,"ocean_post_title_bg_image_position":"","ocean_post_title_bg_image_attachment":"","ocean_post_title_bg_image_repeat":"","ocean_post_title_bg_image_size":"","ocean_post_title_height":0,"ocean_post_title_bg_overlay":0.5,"ocean_post_title_bg_overlay_color":"","ocean_disable_breadcrumbs":"default","ocean_breadcrumbs_color":"","ocean_breadcrumbs_separator_color":"","ocean_breadcrumbs_links_color":"","ocean_breadcrumbs_links_hover_color":"","ocean_display_footer_widgets":"default","ocean_display_footer_bottom":"default","ocean_custom_footer_template":"","footnotes":""},"class_list":["post-4344","page","type-page","status-publish","hentry","entry"],"_links":{"self":[{"href":"https:\/\/wsg-fulda.de\/index.php?rest_route=\/wp\/v2\/pages\/4344","targetHints":{"allow":["GET"]}}],"collection":[{"href":"https:\/\/wsg-fulda.de\/index.php?rest_route=\/wp\/v2\/pages"}],"about":[{"href":"https:\/\/wsg-fulda.de\/index.php?rest_route=\/wp\/v2\/types\/page"}],"author":[{"embeddable":true,"href":"https:\/\/wsg-fulda.de\/index.php?rest_route=\/wp\/v2\/users\/2"}],"replies":[{"embeddable":true,"href":"https:\/\/wsg-fulda.de\/index.php?rest_route=%2Fwp%2Fv2%2Fcomments&post=4344"}],"version-history":[{"count":0,"href":"https:\/\/wsg-fulda.de\/index.php?rest_route=\/wp\/v2\/pages\/4344\/revisions"}],"wp:attachment":[{"href":"https:\/\/wsg-fulda.de\/index.php?rest_route=%2Fwp%2Fv2%2Fmedia&parent=4344"}],"curies":[{"name":"wp","href":"https:\/\/api.w.org\/{rel}","templated":true}]}}